{"id":39,"date":"2020-09-11T10:50:07","date_gmt":"2020-09-11T10:50:07","guid":{"rendered":"http:\/\/dehvidestudenterbiler.dk\/?page_id=39"},"modified":"2024-04-09T17:10:13","modified_gmt":"2024-04-09T17:10:13","slug":"kontakt","status":"publish","type":"page","link":"https:\/\/dehvidestudenterbiler.dk\/?page_id=39","title":{"rendered":"Kontakt"},"content":{"rendered":"\n<p>Pia og John Kj\u00e6r<\/p>\n\n\n\n<p>Hadsten<\/p>\n\n\n\n<p>\u00a0<br>Tlf.\u00a02445 0534 &#8211; <em>mandag-torsdag 17.00-19.00, fredag 10.00-14.00.<\/em><br>Ved sp\u00f8rgsm\u00e5l omkring k\u00f8rsel efter udenfor ovenn\u00e6vnte tider &#8211; ring p\u00e5 tlf. 5192 1145<\/p>\n\n\n\n<p>Send en mail med hvor mange I skal k\u00f8re, og hvorhenne I skal k\u00f8re &#8211; samt navn p\u00e5 en kontaktperson, s\u00e5 vender vi tilbage med en pris og n\u00e6rmere informationer. <\/p>\n\n\n\n<figure class=\"wp-block-image size-large\"><img loading=\"lazy\" width=\"768\" height=\"1024\" src=\"https:\/\/dehvidestudenterbiler.dk\/wp-content\/uploads\/2022\/06\/IMG_5710-768x1024.jpg\" alt=\"\" class=\"wp-image-167\" srcset=\"https:\/\/dehvidestudenterbiler.dk\/wp-content\/uploads\/2022\/06\/IMG_5710-768x1024.jpg 768w, https:\/\/dehvidestudenterbiler.dk\/wp-content\/uploads\/2022\/06\/IMG_5710-225x300.jpg 225w, https:\/\/dehvidestudenterbiler.dk\/wp-content\/uploads\/2022\/06\/IMG_5710-1152x1536.jpg 1152w, https:\/\/dehvidestudenterbiler.dk\/wp-content\/uploads\/2022\/06\/IMG_5710-1536x2048.jpg 1536w, https:\/\/dehvidestudenterbiler.dk\/wp-content\/uploads\/2022\/06\/IMG_5710-scaled.jpg 1920w\" sizes=\"(max-width: 767px) 89vw, (max-width: 1000px) 54vw, (max-width: 1071px) 543px, 580px\" \/><\/figure>\n","protected":false},"excerpt":{"rendered":"<p>Pia og John Kj\u00e6r Hadsten \u00a0Tlf.\u00a02445 0534 &#8211; mandag-torsdag 17.00-19.00, fredag 10.00-14.00.Ved sp\u00f8rgsm\u00e5l omkring k\u00f8rsel efter udenfor ovenn\u00e6vnte tider &#8211; ring p\u00e5 tlf. 5192 1145 Send en mail med hvor mange I skal k\u00f8re, og hvorhenne I skal k\u00f8re &#8211; samt navn p\u00e5 en kontaktperson, s\u00e5 vender vi tilbage med en pris og n\u00e6rmere informationer.<\/p>\n","protected":false},"author":1,"featured_media":0,"parent":0,"menu_order":0,"comment_status":"closed","ping_status":"closed","template":"","meta":[],"_links":{"self":[{"href":"https:\/\/dehvidestudenterbiler.dk\/index.php?rest_route=\/wp\/v2\/pages\/39"}],"collection":[{"href":"https:\/\/dehvidestudenterbiler.dk\/index.php?rest_route=\/wp\/v2\/pages"}],"about":[{"href":"https:\/\/dehvidestudenterbiler.dk\/index.php?rest_route=\/wp\/v2\/types\/page"}],"author":[{"embeddable":true,"href":"https:\/\/dehvidestudenterbiler.dk\/index.php?rest_route=\/wp\/v2\/users\/1"}],"replies":[{"embeddable":true,"href":"https:\/\/dehvidestudenterbiler.dk\/index.php?rest_route=%2Fwp%2Fv2%2Fcomments&post=39"}],"version-history":[{"count":12,"href":"https:\/\/dehvidestudenterbiler.dk\/index.php?rest_route=\/wp\/v2\/pages\/39\/revisions"}],"predecessor-version":[{"id":308,"href":"https:\/\/dehvidestudenterbiler.dk\/index.php?rest_route=\/wp\/v2\/pages\/39\/revisions\/308"}],"wp:attachment":[{"href":"https:\/\/dehvidestudenterbiler.dk\/index.php?rest_route=%2Fwp%2Fv2%2Fmedia&parent=39"}],"curies":[{"name":"wp","href":"https:\/\/api.w.org\/{rel}","templated":true}]}}